{"id":870,"date":"2022-04-22T10:47:45","date_gmt":"2022-04-22T10:47:45","guid":{"rendered":"http:\/\/www.kamacilar.com\/?page_id=870"},"modified":"2022-04-28T06:52:36","modified_gmt":"2022-04-28T06:52:36","slug":"kamacilar-iletisim","status":"publish","type":"page","link":"http:\/\/kamacilar.com\/index.php\/kamacilar-iletisim\/","title":{"rendered":""},"content":{"rendered":"<div id=\"pl-870\"  class=\"panel-layout\" ><div id=\"pg-870-0\"  class=\"panel-grid panel-has-style\" ><div style=\"padding: 5px 0; \" class=\"panel-row-style panel-row-style-for-870-0\" ><div id=\"pgc-870-0-0\"  class=\"panel-grid-cell\" ><div id=\"panel-870-0-0-0\" class=\"widget_text so-panel widget widget_custom_html panel-first-child\" data-index=\"0\" ><div class=\"textwidget custom-html-widget\"><iframe src=\"https:\/\/www.google.com\/maps\/embed?pb=!1m14!1m8!1m3!1d97494.5417215275!2d29.1871362!3d40.2156373!3m2!1i1024!2i768!4f13.1!3m3!1m2!1s0x14ca3f98f53084a1%3A0x82fde2a58047f210!2sKamac%C4%B1lar%20Pileli%20Sineklik%20%26%20Plise%20Perde!5e0!3m2!1str!2str!4v1650623992743!5m2!1str!2str\" width=\"100%\" height=\"500px\" style=\"border:0;\" allowfullscreen=\"\" loading=\"lazy\" referrerpolicy=\"no-referrer-when-downgrade\"><\/iframe><\/div><\/div><div id=\"panel-870-0-0-1\" class=\"so-panel widget widget_text panel-last-child\" data-index=\"1\" >\t\t\t<div class=\"textwidget\"><p>&nbsp;<\/p>\n<p>Adres : Veysel Karani Mah. Eski Gemlik Yolu Cad. No:288\/A, 16220 Osmangazi\/Bursa<\/p>\n<p>Tel : 0224 248 81 00<\/p>\n<p>Tel : 0544 248 81 00<\/p>\n<p>Mail : <a href=\"mailto:info@kamacilar.com\">info@kamacilar.com<\/a><\/p>\n<p>&nbsp;<\/p>\n<\/div>\n\t\t<\/div><\/div><\/div><\/div><\/div>","protected":false},"excerpt":{"rendered":"<p>&nbsp; Adres : Veysel Karani Mah. Eski Gemlik Yolu Cad. No:288\/A, 16220 Osmangazi\/Bursa Tel : 0224 248 81 00 Tel : 0544 248 81 00 Mail : info@kamacilar.com &nbsp;<\/p>\n","protected":false},"author":1,"featured_media":0,"parent":0,"menu_order":0,"comment_status":"closed","ping_status":"closed","template":"page-templates\/page_fullwidth.php","meta":{"footnotes":""},"class_list":["post-870","page","type-page","status-publish","hentry"],"yoast_head":"<!-- This site is optimized with the Yoast SEO plugin v19.14 - https:\/\/yoast.com\/wordpress\/plugins\/seo\/ -->\n<title>Kamac\u0131lar - \u0130leti\u015fim<\/title>\n<meta name=\"description\" content=\"Veysel Karani Mah, \u0130n\u00f6n\u00fc Cad. No:288\/A, 16220 Osmangazi\/Bursa 0224 248810 - 0544 248810\" \/>\n<meta name=\"robots\" content=\"index, follow, max-snippet:-1, max-image-preview:large, max-video-preview:-1\" \/>\n<link rel=\"canonical\" href=\"http:\/\/kamacilar.com\/index.php\/kamacilar-iletisim\/\" \/>\n<meta property=\"og:locale\" content=\"tr_TR\" \/>\n<meta property=\"og:type\" content=\"article\" \/>\n<meta property=\"og:title\" content=\"Kamac\u0131lar - \u0130leti\u015fim\" \/>\n<meta property=\"og:description\" content=\"Veysel Karani Mah, \u0130n\u00f6n\u00fc Cad. No:288\/A, 16220 Osmangazi\/Bursa 0224 248810 - 0544 248810\" \/>\n<meta property=\"og:url\" content=\"http:\/\/kamacilar.com\/index.php\/kamacilar-iletisim\/\" \/>\n<meta property=\"og:site_name\" content=\"Kamac\u0131lar\" \/>\n<meta property=\"article:publisher\" content=\"https:\/\/www.facebook.com\/kamacilarplise\" \/>\n<meta property=\"article:modified_time\" content=\"2022-04-28T06:52:36+00:00\" \/>\n<meta name=\"twitter:card\" content=\"summary_large_image\" \/>\n<meta name=\"twitter:site\" content=\"@kamacilarplise\" \/>\n<script type=\"application\/ld+json\" class=\"yoast-schema-graph\">{\"@context\":\"https:\/\/schema.org\",\"@graph\":[{\"@type\":\"WebPage\",\"@id\":\"http:\/\/kamacilar.com\/index.php\/kamacilar-iletisim\/\",\"url\":\"http:\/\/kamacilar.com\/index.php\/kamacilar-iletisim\/\",\"name\":\"Kamac\u0131lar - \u0130leti\u015fim\",\"isPartOf\":{\"@id\":\"http:\/\/kamacilar.com\/#website\"},\"datePublished\":\"2022-04-22T10:47:45+00:00\",\"dateModified\":\"2022-04-28T06:52:36+00:00\",\"description\":\"Veysel Karani Mah, \u0130n\u00f6n\u00fc Cad. No:288\/A, 16220 Osmangazi\/Bursa 0224 248810 - 0544 248810\",\"inLanguage\":\"tr\",\"potentialAction\":[{\"@type\":\"ReadAction\",\"target\":[\"http:\/\/kamacilar.com\/index.php\/kamacilar-iletisim\/\"]}]},{\"@type\":\"WebSite\",\"@id\":\"http:\/\/kamacilar.com\/#website\",\"url\":\"http:\/\/kamacilar.com\/\",\"name\":\"Kamac\u0131lar\",\"description\":\"Plise Sineklik - Plicell Perde - Cam Balkon\",\"publisher\":{\"@id\":\"http:\/\/kamacilar.com\/#organization\"},\"potentialAction\":[{\"@type\":\"SearchAction\",\"target\":{\"@type\":\"EntryPoint\",\"urlTemplate\":\"http:\/\/kamacilar.com\/?s={search_term_string}\"},\"query-input\":\"required name=search_term_string\"}],\"inLanguage\":\"tr\"},{\"@type\":\"Organization\",\"@id\":\"http:\/\/kamacilar.com\/#organization\",\"name\":\"Kamac\u0131lar Pileli Sineklik&Plise Perde\",\"url\":\"http:\/\/kamacilar.com\/\",\"logo\":{\"@type\":\"ImageObject\",\"inLanguage\":\"tr\",\"@id\":\"http:\/\/kamacilar.com\/#\/schema\/logo\/image\/\",\"url\":\"https:\/\/i0.wp.com\/www.kamacilar.com\/wp-content\/uploads\/2022\/04\/kamaciLogo.png?fit=7519%2C1278\",\"contentUrl\":\"https:\/\/i0.wp.com\/www.kamacilar.com\/wp-content\/uploads\/2022\/04\/kamaciLogo.png?fit=7519%2C1278\",\"width\":7519,\"height\":1278,\"caption\":\"Kamac\u0131lar Pileli Sineklik&Plise Perde\"},\"image\":{\"@id\":\"http:\/\/kamacilar.com\/#\/schema\/logo\/image\/\"},\"sameAs\":[\"https:\/\/www.instagram.com\/kamacilarplise\",\"https:\/\/www.facebook.com\/kamacilarplise\",\"https:\/\/twitter.com\/kamacilarplise\"]}]}<\/script>\n<!-- \/ Yoast SEO plugin. -->","yoast_head_json":{"title":"Kamac\u0131lar - \u0130leti\u015fim","description":"Veysel Karani Mah, \u0130n\u00f6n\u00fc Cad. No:288\/A, 16220 Osmangazi\/Bursa 0224 248810 - 0544 248810","robots":{"index":"index","follow":"follow","max-snippet":"max-snippet:-1","max-image-preview":"max-image-preview:large","max-video-preview":"max-video-preview:-1"},"canonical":"http:\/\/kamacilar.com\/index.php\/kamacilar-iletisim\/","og_locale":"tr_TR","og_type":"article","og_title":"Kamac\u0131lar - \u0130leti\u015fim","og_description":"Veysel Karani Mah, \u0130n\u00f6n\u00fc Cad. No:288\/A, 16220 Osmangazi\/Bursa 0224 248810 - 0544 248810","og_url":"http:\/\/kamacilar.com\/index.php\/kamacilar-iletisim\/","og_site_name":"Kamac\u0131lar","article_publisher":"https:\/\/www.facebook.com\/kamacilarplise","article_modified_time":"2022-04-28T06:52:36+00:00","twitter_card":"summary_large_image","twitter_site":"@kamacilarplise","schema":{"@context":"https:\/\/schema.org","@graph":[{"@type":"WebPage","@id":"http:\/\/kamacilar.com\/index.php\/kamacilar-iletisim\/","url":"http:\/\/kamacilar.com\/index.php\/kamacilar-iletisim\/","name":"Kamac\u0131lar - \u0130leti\u015fim","isPartOf":{"@id":"http:\/\/kamacilar.com\/#website"},"datePublished":"2022-04-22T10:47:45+00:00","dateModified":"2022-04-28T06:52:36+00:00","description":"Veysel Karani Mah, \u0130n\u00f6n\u00fc Cad. No:288\/A, 16220 Osmangazi\/Bursa 0224 248810 - 0544 248810","inLanguage":"tr","potentialAction":[{"@type":"ReadAction","target":["http:\/\/kamacilar.com\/index.php\/kamacilar-iletisim\/"]}]},{"@type":"WebSite","@id":"http:\/\/kamacilar.com\/#website","url":"http:\/\/kamacilar.com\/","name":"Kamac\u0131lar","description":"Plise Sineklik - Plicell Perde - Cam Balkon","publisher":{"@id":"http:\/\/kamacilar.com\/#organization"},"potentialAction":[{"@type":"SearchAction","target":{"@type":"EntryPoint","urlTemplate":"http:\/\/kamacilar.com\/?s={search_term_string}"},"query-input":"required name=search_term_string"}],"inLanguage":"tr"},{"@type":"Organization","@id":"http:\/\/kamacilar.com\/#organization","name":"Kamac\u0131lar Pileli Sineklik&Plise Perde","url":"http:\/\/kamacilar.com\/","logo":{"@type":"ImageObject","inLanguage":"tr","@id":"http:\/\/kamacilar.com\/#\/schema\/logo\/image\/","url":"https:\/\/i0.wp.com\/www.kamacilar.com\/wp-content\/uploads\/2022\/04\/kamaciLogo.png?fit=7519%2C1278","contentUrl":"https:\/\/i0.wp.com\/www.kamacilar.com\/wp-content\/uploads\/2022\/04\/kamaciLogo.png?fit=7519%2C1278","width":7519,"height":1278,"caption":"Kamac\u0131lar Pileli Sineklik&Plise Perde"},"image":{"@id":"http:\/\/kamacilar.com\/#\/schema\/logo\/image\/"},"sameAs":["https:\/\/www.instagram.com\/kamacilarplise","https:\/\/www.facebook.com\/kamacilarplise","https:\/\/twitter.com\/kamacilarplise"]}]}},"_links":{"self":[{"href":"http:\/\/kamacilar.com\/index.php\/wp-json\/wp\/v2\/pages\/870","targetHints":{"allow":["GET"]}}],"collection":[{"href":"http:\/\/kamacilar.com\/index.php\/wp-json\/wp\/v2\/pages"}],"about":[{"href":"http:\/\/kamacilar.com\/index.php\/wp-json\/wp\/v2\/types\/page"}],"author":[{"embeddable":true,"href":"http:\/\/kamacilar.com\/index.php\/wp-json\/wp\/v2\/users\/1"}],"replies":[{"embeddable":true,"href":"http:\/\/kamacilar.com\/index.php\/wp-json\/wp\/v2\/comments?post=870"}],"version-history":[{"count":0,"href":"http:\/\/kamacilar.com\/index.php\/wp-json\/wp\/v2\/pages\/870\/revisions"}],"wp:attachment":[{"href":"http:\/\/kamacilar.com\/index.php\/wp-json\/wp\/v2\/media?parent=870"}],"curies":[{"name":"wp","href":"https:\/\/api.w.org\/{rel}","templated":true}]}}